pose 2*h - 42 = 32. Suppose -5*a = -5*x - a + 44, 4*x - h = 5*a. Suppose -x*n + 3*n = 5. Calculate p(n).
-6
Let s be 2 + (1 + 2 - 3). Let d(x) = x**s - 20*x - 5 + 48*x - 22*x. Suppose -c - 9 = m, c - 9 = 5*m + 12. Calculate d(m).
-10
Let g(a) = 3*a - 76. Let l(f) = -40*f + 1033. Let c(n) = -27*g(n) - 2*l(n). Let y(v) = 3*v - 1. Let x be y(-1). Let s be (-4)/6 - x/6. Determine c(s).
-14
Let s(i) be the second derivative of -i**3/6 + 10*i**2 - 35*i. Let f = -40 - -40. Calculate s(f).
20
Let h = -23 - -33. Suppose -2 + h = -2*k. Let r(o) = 1 - 2 - 2*o - 2. Give r(k).
5
Let y(q) be the third derivative of -1/15*q**5 + 0*q + 1/360*q**6 + 8*q**2 + 3/2*q**3 + 0 + 3/8*q**4. Let m(d) be the first derivative of y(d). Calculate m(6).
-3
Let s(u) = 4*u - 3*u + 6 + 1 - 2 + 3. Determine s(6).
14
Let m = -2 - -4. Let j(l) = -l**3 + l**2 + 1. Let r(v) = 2*v**3 - 3*v - 3. Let g(h) = 3*j(h) + r(h). Give g(m).
-2
Let p be 1/(-7) - (-54)/(-14). Let c(o) be the second derivative of -o**3/3 - 2*o**2 + 4*o. Calculate c(p).
4
Let j be 4/72*429 - (-2)/12. Let m = -23 + j. Let n(c) = 8*c - 1. Give n(m).
7
Let r(c) be the second derivative of -7*c**5/20 - c**2/2 + 7*c. Determine r(1).
-8
Let q(m) be the first derivative of m**4/4 - 4*m**3/3 + m**2 + 345. What is q(3)?
-3
Let x(m) = m**3 - 8*m**2 - 8*m - 9. Let u be x(9). Let c be 4*(-3 + 7/2). Let z(l) = 25*l**2 + l + 28*l**2 + 2 - 52*l**c. What is z(u)?
2
Let c(f) be the first derivative of -20*f**2 - 2*f + 3*f + 19*f**2 + 1 - 2*f. Determine c(-1).
1
Let p = 9 - 1. Suppose -x + p = -3*b, -2*x - 5 - 1 = 5*b. Let c(k) = -19 + 35 - 14 + 9*k. Determine c(b).
-16
Let u(c) = -c**3 + c**2 + 2. Let y be u(2). Suppose b = d + 5, 0*d + 4*d = -b. Let w be 4 - 2*y/b. Let g(m) = -m**3 + 5*m**2 + 2*m + 1. Calculate g(w).
11
Let k(w) be the first derivative of -9*w**2/2 - 2*w + 56. What is k(-3)?
25
Let z(o) = -2 + o + 6*o**2 - 13*o - 5*o**2 + 2*o + 5. What is z(8)?
-13
Let j be -3*((-56)/12)/2. Let i = 13 - j. Let l(u) = u**2 - 12*u - 7. Let d(w) = 2*w**2 - 23*w - 14. Let p(t) = -6*d(t) + 11*l(t). Give p(i).
7
Let o(n) = n**2 - 2*n + 3. Let h be (13 - 0)*(10 + -12). Let z be h/(-117) + (-130)/18. Let y be (-23)/z - 4/14. Calculate o(y).
6
Let o(b) = 7*b**3 + 7*b**2 - 17*b + 19. Let j(s) = 3*s**3 + 4*s**2 - 8*s + 9. Let t(q) = -5*j(q) + 2*o(q). Let w be 298/(-42) + 28/294. What is t(w)?
0
Let i(p) = p**2 + 2*p - 8. Let b(o) = 4*o**2 + 4*o - 15. Let r(f) = -6*b(f) + 11*i(f). Give r(1).
-13
Let q(f) = -f**3 + 2*f**2 - f + 1. Let c(u) = 2*u**3 - 10*u**2 + 9*u + 2. Let x be 1*-1*((-8 - -6) + -1). Let s(h) = x*q(h) + c(h). What is s(-5)?
0
Let c(p) = p**3 - 5*p**2 + 4*p - 7. Let u = -81 + 54. Let i = -27 - u. Suppose d - 5*y - 20 = i, 5*y = -12 - 3. Give c(d).
13
Let q(a) = 7*a**3 + 21*a**2 - 8*a - 10. Let j(x) = -9*x**3 - 25*x**2 + 7*x + 9. Let k(u) = 3*j(u) + 4*q(u). What is k(-10)?
-3
Let q(p) = -p**2 - 6*p + 19. Let z(n) = 1. Let i(d) = -d + 2. Let k(b) = i(b) - z(b). Let f(o) = 5*k(o) - q(o). Let v be 0 + 0*(-3)/(-15). Determine f(v).
-14
Suppose 2 = 2*v - 2. Let u = v + -2. Let x(i) = -i**2 + 3*i - 7. Let s(w) = w - 1. Let b(a) = -4*s(a) + x(a). Give b(u).
-3
Let n = 6 - 3. Let s(v) = -v**2 + 9*v**n + v + 4*v**3 - 2*v. Suppose 80 = -40*f + 40. Determine s(f).
-13
Let r(i) be the second derivative of i**5/20 - i**4/6 - 2*i**3/3 + 2*i**2 + i - 74. Give r(3).
1
Suppose -o - 2*a = -a + 57, 0 = 5*o + 3*a + 275. Let v = o - -58. Let d(l) = -l + 4. Give d(v).
-2
Let b(x) be the third derivative of -x**6/120 - x**5/6 + x**4/2 + 7*x**3/3 + 397*x**2. Give b(-11).
3
Let o = 12 + -9. Suppose 21 = 5*b + o*w - w, b - 1 = -2*w. Let v(s) = s - 3. Determine v(b).
2
Let v(l) = -6*l**3 + 3*l**2 + 8*l + 1. Let q(h) = h**3 - h**2 - h. Let d(m) = 5*q(m) + v(m). Let f(p) = 18*p + 178. Let x be f(-10). What is d(x)?
-5
Let p(q) = -175*q**2 + 9*q - 4 + 176*q**2 - q. Suppose 2 = -3*g - 5*v, -3*g - 2*v - 37 = -4*v. Determine p(g).
5
Let m(l) = 7*l - 2 - 10*l**2 + 1 - l**3 - 5 - 14*l + 10*l. Determine m(-10).
-36
Let l(a) = -9 - 518*a**2 + 3*a + 519*a**2 - 13 + 0*a - 2*a. Calculate l(0).
-22
Suppose -2*i = 2*i - 12. Suppose q - 4*z - 4 = 0, 9 = q - 3*z + 5. Suppose -x + i = -q*u + 22, 4*u - 3*x - 25 = 0. Let t(j) = -2*j**2 + 4*j + 5. What is t(u)?
-11
Let h(l) = 19*l - 452. Let b be h(24). Let p(c) be the first derivative of 1/2*c**2 - 8 + b*c. Calculate p(0).
4
Let i(r) = 3*r. Let z(n) = -n - 1 - 3*n + 4*n - n. Let c(x) = i(x) + 4*z(x). Give c(-6).
2
Suppose -21*d = -8*d + 65. Let q(g) = 6*g + 9. Let b(x) = 5*x + 8. Let n(a) = 4*b(a) - 3*q(a). What is n(d)?
-5
Suppose -5*v + 18 = 3*j, 0 = 2*v + 2*j - 6*j - 28. Suppose -s = -3*s + v. Let f(o) = -4 - 5 - 2*o + o**s - 4*o**2 + 4*o + 8. Give f(4).
7
Let x(q) = 5*q**2 + 7*q - 10. Let s(p) = -p**2 - p. Let v(c) = 6*s(c) + x(c). Let l(f) be the first derivative of v(f). Calculate l(-2).
5
Let d(u) = 7*u - 10. Let h(g) = -11*g + 15. Let k(t) = -8*d(t) - 5*h(t). Let m = 55 - 27. Let x be 1*-2*(m + -31). Calculate k(x).
-1
Let y(c) = c**3 - 2*c**2 + c + 2. Let v = 7 - 5. Let r be y(v). Let s(p) = 6*p**2 - 2 - 4*p**2 + r*p - 2*p**2 - 2*p**2. Determine s(3).
-8
Suppose 0 = -3*q - 0 + 9. Suppose 10 = -2*c - q*y - 2*y, -5*y - 10 = 4*c. Let f(d) = 3*d**2 + d**3 + d**2 - 1 + d - 5*d**2 + c*d**2. What is f(2)?
5
Suppose 5*f - 4*c - 516 = 0, -c + 175 = 3*f - 121. Suppose 5*w = -0*w + f. Let n(o) = -3*o + 2*o**2 - w + 20. What is n(2)?
2
Suppose -6*j = -5*j - 6. Suppose -5 = j*b - 17. Let p(l) = 5*l**2 + 0*l**b - l - 4*l**2. Determine p(0).
0
Let x(p) = p**3 + 7*p**2 + 5*p. Let h = -4 + -10. Let r = h + 13. Let j(z) = -6*z**2 - z - 1. Let s be j(r). Give x(s).
6
Let p = 101 + -95. Let c(o) = o**2 - 7*o - 12. Calculate c(p).
-18
Suppose 4*g = -164 + 144. Let k(b) be the first derivative of b**3/3 + 3*b**2/2 - 3*b - 35. What is k(g)?
7
Let r(n) = 2*n**2 + 4 - n - 3 - n**2. Suppose -7*j + 3*j = -16. Let o(c) = -c**3 + 2*c**2 + 8*c + 4. Let u be o(j). Calculate r(u).
13
Let j(y) = -5 + 7 + 1 + 0*y - 3*y + 1. Give j(3).
-5
Let d(o) = o - 7. Let z be ((-90)/75)/((-12)/100). Calculate d(z).
3
Let b = -348 + 344. Let l(t) = t**2 + t - 3. What is l(b)?
9
Let o = -17 - -21. Let m be (-1)/o - (-25)/4. Let l(f) = 13*f - 5*f - m*f + 8. What is l(-6)?
-4
Let g(f) be the first derivative of -f**4/4 + f**3/3 - 3*f**2/2 + 3*f - 57. Give g(2).
-7
Let n be 1/(2*2/(-60)). Let t be n - 1 - (-3)/3. Let s = -21 - t. Let v(z) = z + 5. What is v(s)?
-1
Let l(p) = -p**3 + 8*p**2 - 6*p - 6. Suppose 7 + 26 = 3*u. Let s = -4 + u. What is l(s)?
1
Let s = -4 + -1. Let b(k) be the third derivative of 0*k + 0 + 1/24*k**4 + 1/3*k**3 + 6*k**2. Determine b(s).
-3
Suppose 12*x + 179 = 203. Let m(l) = -2*l + 11. What is m(x)?
7
Let a(j) = -7*j - 80. Let u be a(-12). Let t(p) = -4 + 2*p**3 + 7 - 3*p**2 - p**3 - 4*p. Determine t(u).
3
Suppose 5*t - 8 = -3. Let a be 40/(-12) - t/(-3). Let y(c) be the first derivative of -2*c**3/3 - 5*c**2/2 - 4*c - 79. What is y(a)?
-7
Suppose -3*v + 20 + 22 = 0. Suppose 0 = -7*h + 9*h - v. Let p(f) = 2*f - 7. What is p(h)?
7
Suppose 8*r = 12*r - 8. Suppose g - 5*y = 24, y = -r - 1. Let l(f) = f - 3. Give l(g).
6
Let t(g) = -7*g**2 + 26*g - 96. Let o(a) = -4*a**2 + 13*a - 49. Let d(m) = -5*o(m) + 3*t(m). Determine d(8).
-3
Let r(p) = -p + 2 - 8 + 1. Let a be (44/(-121))/(6/(-33)). Suppose -13*u + 3*u = -a*u. What is r(u)?
-5
Let t(o) = -1. Let a(l) be the third derivative of -11*l**5/60 - l**3/3 + 17*l**2. Let c(b) = a(b) - 3*t(b). Give c(-1).
-10
Suppose -45*r + 50*r - 95 = 0. Let b(h) = 2 - 1 + h - r*h**2 + 17*h**2 + 0*h. Calculate b(-2).
-9
Suppose 5 + 66 = -5*g - 2*p, -56 = 4*g + 2*p. Let b(x) = -x**2 - 15*x + 20. Determine b(g).
20
Let i(g) = -g**3 + 4*g**2 - g + 1. Let k be (0 - 0)/((-4)/4). Let v be (1 - 1) + (4 - -8). Suppose 3*n = -k*n + v. Calculate i(n).
-3
Suppose -2*o = 3*m + 8, -m = -3*m - 8. Let y(h) = 3*h**3 - 2*h**3 - 2*h**2 + 0*h**o + 13 - 17. Let n(r) = 2*r**2 + 2*r - 1. Let d be n(-2). Give y(d).
5
Let l be ((-17)/1 - -6) + (2 - -3). Let r(v) = 6*v + 8. Determine r(l).
-28
Let p(m) = 2*m + 16. Suppose 54 = 4*g + 98. Calculate p(g).
-6
Let r be 12/5*75/6. Suppose 3*i - 4*i - 5*b + 27 = 0, 5*i + 4*b - r = 0. Let v(g) = -3*g**2 + 3*g - 1. Give v(i).
-7
Let u(k) = -k**2 + 8*k - 1. Let q = -189 - -197. Determine u(